-23)/(-5) - 4/(-10). Let g = q + y. What is the units digit of g?
2
Let t = 38 - 7. What is the tens digit of t?
3
Let u(n) = 15*n**3 - n**2 + 4*n - 3. What is the units digit of u(1)?
5
Let q be (0 + (0 - 5))/(-1). Suppose 5*d - 2*x + q = 0, 5*x + 19 - 46 = -2*d. What is the units digit of d + -2 + 3 + -1?
1
Suppose -6*g - 80 = -10*g. What is the tens digit of g?
2
What is the tens digit of 189/12 - 4/(-16)?
1
What is the tens digit of (148 + -2)/2 - (-3 + 2)?
7
Suppose 65 = 5*a - 225. What is the units digit of a?
8
Suppose 0 = -3*w - 55 + 820. What is the hundreds digit of w?
2
Let x = -34 - -59. Suppose x = -3*w + 5*w + 3*j, -5*w = 4*j - 59. What is the units digit of w?
1
Let f(m) = 7*m + 1. What is the units digit of f(3)?
2
Suppose -5*p = -3*r + 310, -3*p - 425 = -4*r - 8*p. What is the tens digit of r?
0
Let q = 98 - 36. What is the units digit of q?
2
What is the units digit of (6/(-5))/((-2)/10)?
6
What is the units digit of -3 - (160/2)/(-4)?
7
Let b be 9/4 + 2/(-8). Let c(t) = -2 - 3 + 0*t + t**b - t. What is the units digit of c(4)?
7
Let m(s) = -s**3 - s**2 + s + 29. What is the units digit of m(0)?
9
Suppose -6 = -4*z - 2*j, 3*z - 4*j - j = 11. Suppose -2*s = -4*x - 14, 2*x + z*x = 0. What is the units digit of s?
7
Let w = 3 + -2. Let g = 1 + w. Let i(o) = 3*o - 2. What is the units digit of i(g)?
4
Suppose 5*u + 3*p = -20, -4*u - 5*p - 28 = -u. What is the tens digit of 11 + -1 - (u + 1)?
1
Let m(q) = q - 1. Let d be m(2). Suppose 3*n - d = -4. Let y(c) = 2*c**2 + 1. What is the units digit of y(n)?
3
Let x be (-1)/(-2*1/10). Suppose -x*d = -2*b + 49, -102 = -5*b + 2*d - 11. What is the tens digit of b?
1
Suppose 239 + 49 = 4*j. What is the units digit of j?
2
Suppose -5*r - 6 = -4*h, 3*r + 5*h - 26 = -0*r. Suppose -d + r*p = -11, 0 = -p - 4*p + 10. What is the tens digit of d?
1
Let l(m) be the second derivative of m**4/12 + m**3 + 5*m**2 - 8*m. What is the units digit of l(-5)?
5
Suppose 0 = -4*p - 5*c + 632, 4*p + 3*c = -0*c + 640. What is the tens digit of p?
6
Let k = 4 + -2. Let y = -4 + 5. Suppose k = f - y. What is the units digit of f?
3
Let v = -40 + 68. What is the tens digit of v?
2
Suppose 0 = x - 5*v - 27, x - 3 = 2*x + v. Let l = 0 + x. What is the units digit of (-2)/(-4) - (-1)/l?
1
Let i(d) = -24*d + 14*d + 11*d + 18. Let p = 8 - 17. What is the units digit of i(p)?
9
Let x = -2 - -3. What is the units digit of x?
1
Suppose r = l - 21, -47 = -3*l - 0*l - r. What is the tens digit of l?
1
Let s(d) = 2*d - 1. Let m be s(9). Suppose 0 = -2*u - 18 - 2. Let a = m + u. What is the units digit of a?
7
What is the tens digit of 21030/135 - (-4)/18?
5
Let h = 6 - -25. What is the tens digit of h?
3
Suppose -6*p = -2*p - 24. Let n be (2 - p)*1/(-2). What is the units digit of (1 + (-14)/(-4))*n?
9
Let v(k) = -k**2 + 9*k. Let j be v(9). Let t be (-3)/((-9)/3) + j. What is the units digit of (t/(-2))/((-1)/20)?
0
Let m(o) = o**3 + 16*o**2 + 9*o - 44. What is the hundreds digit of m(-14)?
2
Suppose 0 = c - 0*c + 14. Let z = c - -44. Suppose u - z = -2*u. What is the units digit of u?
0
Suppose -2*l - 4 = -34. What is the units digit of l?
5
Let l(o) = -o**2 - 12*o - 11. Let z be l(-10). Let s = 15 + z. Let v = -11 + s. What is the units digit of v?
3
Let a = 13 - 18. Let i(q) = -3*q - 2. What is the units digit of i(a)?
3
Let k be 3/2*8/6. Suppose y = k*y - 35. Let p = y - 25. What is the units digit of p?
0
Let k(p) = -p**3 + 5*p**2 + p + 6. Let b be k(5). Suppose 0 = -q + b + 1. What is the tens digit of q?
1
Suppose 0*d + d + j + 6 = 0, 4*j + 8 = 4*d. Let o be 0 + d*(-6)/4. Suppose -2*m + b - 2*b - 1 = 0, -5*m - o*b = 4. What is the units digit of m?
1
Let a(o) = -o**2 + 25*o - 29. What is the units digit of a(12)?
7
Suppose 4*g - 7 = 3*g. Suppose -18*p = -17*p - 5. What is the units digit of (1 + g)*p/10?
4
Let j(b) = -b**3 - 5*b**2 - 3*b - 2. Let g be j(-5). Let u = g - 8. What is the units digit of u?
5
Let u(t) = 7*t**2 - 3*t - 5. Let l(h) = 15*h**2 - 5*h - 9. Let v(g) = 6*l(g) - 13*u(g). Let b = 3 + 5. What is the tens digit of v(b)?
1
Let c(d) = -d - 3. Let y(g) = g**2 + 2*g - 2. Let s be y(-4). Let i be (-10)/3*s/5. What is the units digit of c(i)?
1
Let r(h) = -h**2. Let u(f) = 7*f**2 + 2*f - 1. Let z(k) = 5*r(k) + u(k). What is the units digit of z(2)?
1
Let x be ((-5)/2)/(4/(-40)). Suppose h - 5*g - x = 0, 4*g = 4*h + 5*g - 58. What is the tens digit of h?
1
Suppose -3*m + 184 = -5*k, -280 = -5*m + 5*k - 10*k. What is the tens digit of m?
5
Let g be (-49)/(-2) + (-2)/4. Let q = -34 + g. What is the tens digit of (q/8)/(4/(-32))?
1
Let x(f) = 2*f**2 - 2*f - 2. Suppose 0 = -8*d + 3*d - 45. Let r be 4/((-12)/d) + 0. What is the tens digit of x(r)?
1
Let s = 122 - 68. What is the tens digit of s?
5
Suppose 3*g - 5*m - 15 - 14 = 0, 13 = -g - 4*m. Suppose -g*r - 57 = -6*r. What is the units digit of r?
9
Let h = 31 - 13. Suppose m = -m + h. What is the units digit of m?
9
What is the units digit of 419*(-4)/(-20)*5?
9
Let m = -3 - -5. What is the units digit of m + 1 + (-2 - -1)?
2
Suppose 4*u + 12 = -a, 0 = 4*a - 4*u + 30 + 38. Suppose -135 = -2*d - 3*d. Let f = a + d. What is the units digit of f?
1
Let l = -10 + 15. Suppose -2*c + 3*i = 5*i - 28, -2*c - 4*i = -22. Suppose c = l*j - 13. What is the units digit of j?
6
Suppose 130 = l + 4*l. What is the tens digit of l?
2
Let r(p) = p**2 + 2*p - 3. Let m be r(2). Suppose 37 = m*t - 28. What is the tens digit of t?
1
Let a(p) = p**3 - 12*p**2 + 5*p - 3. What is the units digit of a(12)?
7
Let a(v) = v**2 + 4*v + 1. Let l be a(-5). Suppose 0 = 9*j - l*j - 72. What is the tens digit of j?
2
Let w(r) = 8*r - 1. Let v be w(1). Suppose -16 = -5*j + 4. Suppose 2*i + 0*f - j = -2*f, i - 4*f - v = 0. What is the units digit of i?
3
What is the units digit of 95 + (-5)/(10/(-8))?
9
Let b = -13 + 6. Let s(p) = p**2 + 8*p + 8. Let t be s(b). What is the units digit of (-6)/(t/2*-2)?
6
Let g be 1/((-1 + 4)/(-18)). Let a be (g/(-9))/(2/39). Suppose -4*w - 47 = -4*d + a, -5*d + 67 = 3*w. What is the tens digit of d?
1
Suppose 2*q - 27 = -q. Let p = q - 5. Suppose 2*r + c = 24, -p*r - 4*c + 36 = -2*r. What is the units digit of r?
0
What is the tens digit of (-1916)/(-20) - 3/(-15)?
9
Suppose -4*b - b = 0. Suppose 2*j = -4*g + 6, -5 = -b*j + 5*j. Suppose 0 = 3*u - g*u - 1. What is the units digit of u?
1
Suppose 5*n = 4*p + 26, -2*p + 2 = 7*n - 2*n. Let r(l) = 4*l**2 - 2*l + 3. What is the tens digit of r(n)?
1
Suppose -4*a + 2*h = -12, -5*a + 7 = -5*h - 8. Suppose 5*r + a*y = 180, 3*r + y - 49 = 59. What is the tens digit of r?
3
Let g be 8/6*3/(-2). Let i be (-69)/(-21) + g/7. Suppose -y + i = -4. What is the units digit of y?
7
Let m(r) = 6*r**2 + 2. Let p(k) = k - 1. Let g be p(-1). What is the tens digit of m(g)?
2
Suppose -3*d = -16 - 8. Let n be (-12)/(-12) + (-2)/(-1). Suppose 7 = n*u - d. What is the units digit of u?
5
Suppose 0 = -2*b - 6 - 4. What is the units digit of (114/(-3))/(3 + b)?
9
Suppose -5*n + 4*n = -82. What is the tens digit of n?
8
Suppose -3*i = 2*m - 4 - 53, 2*i + 152 = 5*m. Let h = m + -13. What is the tens digit of h?
1
Let t be (0/(-1))/(6 + -4). What is the units digit of (1 - t)/(1/11)?
1
Suppose 1 = -2*r + 9. Suppose -r*t + 13 = 5. What is the units digit of t?
2
Let k(u) = u**2 + 4*u - 1. Let t be k(-5). Let n be 3/15 + (-224)/(-5). Suppose -t*b + n = b. What is the units digit of b?
9
Suppose 68*k + 470 = 73*k. What is the tens digit of k?
9
Let s = 57 + -31. What is the tens digit of s?
2
Let j(g) = 5*g - 19. What is the tens digit of j(9)?
2
Let v be (25/10)/((-2)/(-4)). Suppose 39 + 56 = v*x. What is the tens digit of x?
1
Let f be (0 + -2)/(1/(-2)). Let i be (3 + -1)*10/f. Let k = i + -3. What is the units digit of k?
2
What is the units digit of 20 - -19 - (-2 + 1)?
0
Let r(m) = m + m + 0 + m**3 + 1 - 2*m**2. What is the units digit of r(2)?
5
Let d be 0 - (27 + 2) - 1. Let n be 10*(-3)/(d/8). Let i(o) = -o**3 + 7*o**2 + 10*o - 5. What is the units digit of i(n)?
1
Let k(x) = -2*x - 3*x + 6*x. Let a be k(-3). What is the units digit of 1*(a/(-1) - 2)?
1
Suppose -7*o - 12 = -10*o. What is the units digit of o/4*(1 + 1)?
2
Suppose 3*v - 40 = v + 4*y, 4 = -4*y. Let q be (-4)/18 + 76/v. Suppose q*k - 15 = -3. What is the units digit of k